 - 12. Give o(5).
-32
Let g(o) = -o**3 - 14114*o**2 - o - 28. Calculate g(0).
-28
Let w(p) = -5*p**2 + 3335*p + 183103. Give w(-51).
13
Let j(n) = 4280*n + 453684. Calculate j(-106).
4
Let v(h) = h**3 + 41*h**2 - 192*h - 325. Determine v(-45).
215
Let j(n) = -216*n - 26649. Calculate j(-111).
-2673
Let m(x) = 8*x**3 + 7*x**2 - 36*x + 2. What is m(3)?
173
Let p(n) = 13670*n + 40888. Calculate p(-3).
-122
Let w(b) = -3134*b + 67. Calculate w(0).
67
Let h(i) = -3*i**3 - 102*i**2 + 145*i + 1409. What is h(-35)?
9
Let r(p) = p**2 + 246*p + 3619. Give r(-16).
-61
Let v(k) = -2*k**2 + 39*k - 1144. Give v(31).
-1857
Let k(i) = i**3 + 13*i**2 + 21*i + 527. Determine k(-14).
37
Let o(m) = -1833*m - 16389. Determine o(-9).
108
Let l(r) = 2*r**2 + 699*r - 7109. Give l(10).
81
Let u(o) = 5*o**3 - 79*o**2 + 250*o + 169. Determine u(11).
15
Let g(z) = 133*z**2 + 50673*z + 450. Calculate g(-381).
450
Let q(k) = -223*k - 7114. Calculate q(-31).
-201
Let w(z) = 723*z + 199975. Give w(-277).
-296
Let i(w) = -9868*w + 878277. Give i(89).
25
Let a(c) = -2832*c**2 - 293*c - 294. Determine a(-1).
-2833
Let g(u) = u**2 - 3442*u + 41142. Calculate g(12).
-18
Let b(h) = 6*h**3 - 47*h**2 + 79*h - 571. What is b(8)?
125
Let h(p) = -74*p**2 + 2966*p - 124. Determine h(40).
116
Let b(v) = 4*v**2 + 275*v - 56148. Calculate b(89).
11
Let c(v) = -73813*v - 2657269. What is c(-36)?
-1
Let r(n) = 892*n**3 + 51737*n**2 + 66*n + 472. What is r(-58)?
8
Let m(x) = -78918*x + 1025889. Give m(13).
-45
Let h(u) = -25*u**2 + 228*u + 1244. What is h(13)?
-17
Let r(s) = -541*s - 1473. Determine r(-5).
1232
Let l(n) = 9*n**2 + 240*n + 80. Calculate l(-26).
-76
Let z(u) = 10857*u + 54299. Determine z(-5).
14
Let y(a) = 51444*a - 35753589. Determine y(695).
-9
Let q(h) = h**2 - 748*h - 477896. Calculate q(-412).
24
Let x(m) = 236*m + 6585. Determine x(-28).
-23
Let o(g) = -18*g**2 - 152*g - 1526. What is o(-9)?
-1616
Let p(b) = 33455*b + 300816. Calculate p(-9).
-279
Let g(x) = 672*x - 7934. Calculate g(8).
-2558
Let b(c) = -1230*c + 6889. What is b(7)?
-1721
Let h(j) = -15*j**3 - 252*j**2 + 1265*j + 20638. Determine h(-17).
0
Let b(j) = j**2 + 9548*j - 114749. Determine b(12).
-29
Let u(w) = -2*w**3 - 1361*w**2 - 21260*w + 79. Calculate u(-16).
15
Let h(z) = -z**3 - 28*z**2 - 133*z + 787. Give h(-13).
-19
Let x(v) = v**2 - 169*v - 374. Determine x(0).
-374
Let t(n) = n**3 + n**2 - 1815*n + 347. Determine t(42).
-31
Let o(x) = 78*x**2 - 3643*x + 21945. Calculate o(6).
2895
Let b(o) = 1061*o + 216502. Calculate b(-204).
58
Let b(j) = -2*j**3 + 177*j**2 - 952*j - 71. Give b(6).
157
Let r(x) = -19*x**3 - 145*x**2 - 219*x - 153. Determine r(-6).
45
Let d(n) = -336*n**3 - 2*n**2 + 107*n + 221. Calculate d(-2).
2687
Let u(y) = 5*y**2 - 37*y + 140. What is u(9)?
212
Let m(k) = 3211*k + 93119. Calculate m(-29).
0
Let m(c) = -412*c**2 + 74159*c + 182. Give m(180).
2
Let f(j) = -4*j**2 + 3252*j + 16284. Give f(818).
-76
Let i(u) = -7*u**2 - 7*u + 1923. Calculate i(0).
1923
Let n(q) = -q**3 - 1152*q**2 - 100417*q - 189. Determine n(-95).
1
Let x(u) = -4*u**3 + 18*u**2 + 46*u + 34. Calculate x(-2).
46
Let k(u) = -u**3 + 20*u**2 + 617*u + 2091. Determine k(-4).
7
Let d(l) = 33*l**2 + 7*l - 40. Give d(3).
278
Let g(i) = -28161*i - 1013788. Give g(-36).
8
Let a(r) = 27137*r + 25291683. Determine a(-932).
-1
Let w(n) = 95004*n + 474901. Give w(-5).
-119
Let r(j) = 1406*j**2 - 7031*j - 6. Calculate r(5).
-11
Let v(q) = -q**2 + 10*q + 2017. What is v(46)?
361
Let i(w) = -w**3 + 38*w**2 + 13096*w - 153. What is i(135)?
-18
Let h(d) = -74*d**2 + 682*d - 740. What is h(8)?
-20
Let j(y) = -y**3 - 20*y**2 - 105*y - 41. Determine j(-10).
9
Let j(b) = -b**3 - 15*b**2 - 151*b - 1503. What is j(-12)?
-123
Let f(u) = -22*u**2 + 1322*u - 2193. Determine f(56).
2847
Let s(t) = -4*t**2 + 639*t + 294899. Determine s(363).
-220
Let i(v) = 598*v + 67938. Determine i(-115).
-832
Let f(u) = -3*u**3 - 178*u**2 - 13540*u - 819597. Calculate f(-60).
3
Let p(k) = -k**2 - 419*k + 9224. What is p(21)?
-16
Let c(p) = -p**2 + 751*p - 140363. What is c(410)?
-553
Let g(r) = -47*r**2 + 25637*r + 13636. What is g(546)?
-14
Let y(i) = 175*i**2 - 652*i - 9. Determine y(4).
183
Let n(x) = -17922*x - 37331. What is n(-2)?
-1487
Let m(w) = -3*w**2 - 42215*w + 42214. Calculate m(1).
-4
Let f(t) = -t**2 + 564*t + 8096. Give f(-14).
4
Let f(z) = -1773*z + 62093. Calculate f(35).
38
Let f(t) = 3*t - 3644. Give f(51).
-3491
Let l(i) = 3033*i - 130460. Determine l(43).
-41
Let b(q) = 222*q**2 + 2192*q - 14. What is b(-10)?
266
Let y(j) = 8*j**2 - 241*j + 593. Give y(27).
-82
Let g(t) = -10*t**3 + 6*t**2 + 37*t + 124. Determine g(-3).
337
Let m(c) = -34*c**2 + 81*c + 80. What is m(8)?
-1448
Let d(q) = -2*q**3 + 26*q**2 + 427*q - 5214. Calculate d(11).
-33
Let z(s) = 9591*s - 143848. Calculate z(15).
17
Let z(r) = 6*r**3 + 66*r**2 + 187*r + 395. Give z(-8).
51
Let l(u) = 20*u**2 - 3624*u - 22558. Give l(-6).
-94
Let v(c) = -14090*c + 211355. Calculate v(15).
5
Let v(w) = w**3 + 93*w**2 + 387*w + 2801. Give v(-89).
42
Let b(o) = 2*o**2 - 9756*o - 117798. What is b(-12)?
-438
Let b(n) = 617*n + 807. Determine b(1).
1424
Let b(c) = -18508*c - 73757. Determine b(-4).
275
Let r(w) = w**3 + 2*w**2 + 5*w + 19. Determine r(-11).
-1125
Let y(u) = 32*u**2 - 443*u - 63. Calculate y(15).
492
Let h(g) = -8*g**3 + 3*g**2 + 36*g + 83. What is h(0)?
83
Let c(u) = 124*u - 4423. Determine c(46).
1281
Let f(k) = 8089*k - 210317. What is f(26)?
-3
Let f(p) = -p**3 - 670*p**2 + 18027*p - 48034. Give f(-696).
-10
Let i(b) = -b**3 - 11*b**2 + 110*b + 19. Calculate i(-17).
-117
Let k(n) = 873*n - 6969. What is k(9)?
888
Let q(h) = 565*h + 4805. Give q(-8).
285
Let i(t) = 2*t**2 + 519*t - 282. What is i(-262)?
1028
Let m(b) = b**2 - 12582*b - 176296. What is m(-14)?
48
Let w(k) = 9*k**3 - 126*k**2 + 103*k + 175. Calculate w(13).
-7
Let d(v) = 1370*v + 5923. What is d(-5)?
-927
Let w(m) = m**3 - 10*m**2 - 195*m - 190. Give w(-10).
-240
Let w(x) = 2*x**3 - 57*x**2 - 188*x - 133. What is w(-2)?
-1
Let j(i) = -3*i**2 - 6078*i - 91519. Determine j(-15).
-1024
Let i(s) = 3*s**3 - 2379*s**2 - 7149*s + 28. Calculate i(-3).
-17
Let x(o) = -4*o**3 + 2350*o**2 - 343256*o - 2167. What is x(272)?
9
Let h(b) = b**2 - 119*b - 3407. Calculate h(-24).
25
Let q(o) = -164*o**2 - 13*o + 12. Give q(3).
-1503
Let j(w) = 59727*w + 1015424. Calculate j(-17).
65
Let t(l) = -2*l**2 - 450*l - 2259. Give t(-220).
-59
Let h(f) = -f**2 - 660*f + 866. What is h(0)?
866
Let o(b) = -17*b**3 - 61*b**2 + 9*b + 21. Give o(-6).
1443
Let t(c) = c**3 + 48*c**2 + 68*c + 52. What is t(-47)?
-935
Let g(y) = -y**3 - 11*y**2 - 102*y - 1153. Determine g(-11).
-31
Let q(l) = 6*l**2 - 116*l + 22. Determine q(21).
232
Let y(b) = 95*b + 11173. Determine y(-109).
818
Let q(h) = h**3 - 240*h**2 + 376*h - 32871. Determine q(239).
-128
Let r(l) = 38550*l + 1272067. Give r(-33).
-83
Let a(d) = -3*d**3 - 46*d**2 - 134*d. Determine a(-3).
69
Let f(d) = -d**3 - 5478*d**2 + 455961*d - 3369. What is f(82)?
-7
Let r(v) = -8*v**2 + 8360*v + 58909. Give r(-7).
-3
Let d(u) = -u**3 + 233*u**2 - 890*u + 98856. Calculate d(231).
-12
Let y(u) = -3*u**3 - 15*u**2 + 44*u + 836. What is y(-8)?
1060
Let p(a) = -a**3 - 22*a**2 - 303*a - 76. Calculate p(-9).
1598
Let m(l) = -19515*l - 487787. Determine m(-25).
88
Let z(c) = c**3 + 250*c**2 + 5419*c - 1140. What is z(-226)?
-10
Let l(x) = x**2 + 84*x - 936. Give l(-94).
4
Let f(p) = -1407*p + 56189. Determine f(40).
-91
Let b(m) = 155*m**2 - 626*m - 11. Determine b(4).
-35
Let x(m) = -28394*m + 3492415. What is x(123)?
-47
Let v(x) = 11*x**2 + 7098*x + 28212. Determine v(-4).
-4
Let c(o) = 331*o - 71. Give c(2).
591
Let g(a) = 588964*a + 2944818. What is g(-5)?
-2
Let g(y) = -8*y**2 - 21*y + 269. Calculate g(12).
-1135
Let o(y) = -572*y - 33319. What is o(-62)?
2145
Let n(d) = -98*d**2 - 7. Calculate n(-2).
-399
Let u(y) = 31272*y - 218892. Calculate u(7).
12
Let t(f) = -f**3 - 55*f**2 + 3504*f + 1125. What is t(38)?
-15
Let f(s) = s**3 - 290*s**2 + 310*s - 6509. What is f(289)?
-440
Let a(r) = -r**3 + 325*r**2 - 908*r - 18629. What is a(322)?
47
Let y(l) = -323*l - 1098. Calculate y(-4).
194
Let u(o) = 831075*o + 1662163. Determine u(-2).
13
Let d(l) = 367*l**2 + 6224*l - 472. Determine d(-